{"id":1718,"date":"2025-09-28T20:25:32","date_gmt":"2025-09-28T18:25:32","guid":{"rendered":"https:\/\/yeptechmons.be\/?page_id=1718"},"modified":"2026-02-14T18:56:03","modified_gmt":"2026-02-14T17:56:03","slug":"contactez-nous","status":"publish","type":"page","link":"https:\/\/yeptechmons.be\/index.php\/contactez-nous\/","title":{"rendered":"Contactez-nous"},"content":{"rendered":"\t\t<div data-elementor-type=\"wp-page\" data-elementor-id=\"1718\" class=\"elementor elementor-1718\">\n\t\t\t\t<div class=\"elementor-element elementor-element-c72ba72 e-con-full e-flex e-con e-parent\" data-id=\"c72ba72\" data-element_type=\"container\" data-e-type=\"container\">\n\t\t<div class=\"elementor-element elementor-element-31d8d2e e-flex e-con-boxed e-con e-child\" data-id=\"31d8d2e\" data-element_type=\"container\" data-e-type=\"container\">\n\t\t\t\t\t<div class=\"e-con-inner\">\n\t\t\t\t<div class=\"elementor-element elementor-element-f139bc4 elementor-widget elementor-widget-wpforms\" data-id=\"f139bc4\" data-element_type=\"widget\" data-e-type=\"widget\" data-widget_type=\"wpforms.default\">\n\t\t\t\t<div class=\"elementor-widget-container\">\n\t\t\t\t\t<style id=\"wpforms-css-vars-elementor-widget-f139bc4\">\n\t\t\t\t.elementor-widget-wpforms.elementor-element-f139bc4 {\n\t\t\t\t--wpforms-label-error-color: #FF6209;\n--wpforms-button-border-size: 3px;\n--wpforms-button-background-color: #FF6209;\n--wpforms-button-border-color: #000000;\n--wpforms-button-text-color: #434649;\n\t\t\t}\n\t\t\t<\/style><div class=\"wpforms-container wpforms-container-full wpforms-render-modern\" id=\"wpforms-1924\"><form id=\"wpforms-form-1924\" class=\"wpforms-validate wpforms-form wpforms-ajax-form\" data-formid=\"1924\" method=\"post\" enctype=\"multipart\/form-data\" action=\"\/index.php\/wp-json\/wp\/v2\/pages\/1718\" data-token=\"f3269dd9e1f72fcd5f09f7888e92acb0\" data-token-time=\"1776151113\"><noscript class=\"wpforms-error-noscript\">Veuillez activer JavaScript dans votre navigateur pour remplir ce formulaire.<\/noscript><div id=\"wpforms-error-noscript\" style=\"display: none;\">Veuillez activer JavaScript dans votre navigateur pour remplir ce formulaire.<\/div><div class=\"wpforms-field-container\"><div id=\"wpforms-1924-field_1-container\" class=\"wpforms-field wpforms-field-name\" data-field-id=\"1\"><fieldset><legend class=\"wpforms-field-label\">Nom <span class=\"wpforms-required-label\" aria-hidden=\"true\">*<\/span><\/legend><div class=\"wpforms-field-row wpforms-field-large\"><div class=\"wpforms-field-row-block wpforms-first wpforms-one-half\"><input type=\"text\" id=\"wpforms-1924-field_1\" class=\"wpforms-field-name-first wpforms-field-required\" name=\"wpforms[fields][1][first]\" placeholder=\"Pr\u00e9nom\" aria-errormessage=\"wpforms-1924-field_1-error\" required><label for=\"wpforms-1924-field_1\" class=\"wpforms-field-sublabel after wpforms-sublabel-hide\">Pr\u00e9nom<\/label><\/div><div class=\"wpforms-field-row-block wpforms-one-half\"><input type=\"text\" id=\"wpforms-1924-field_1-last\" class=\"wpforms-field-name-last wpforms-field-required\" name=\"wpforms[fields][1][last]\" placeholder=\"Nom\" aria-errormessage=\"wpforms-1924-field_1-last-error\" required><label for=\"wpforms-1924-field_1-last\" class=\"wpforms-field-sublabel after wpforms-sublabel-hide\">Nom<\/label><\/div><\/div><\/fieldset><\/div><div id=\"wpforms-1924-field_6-container\" class=\"wpforms-field wpforms-field-text\" data-field-id=\"6\"><label class=\"wpforms-field-label\" for=\"wpforms-1924-field_6\">Num\u00e9ro de t\u00e9l\u00e9phone<\/label><input type=\"text\" id=\"wpforms-1924-field_6\" class=\"wpforms-field-large\" name=\"wpforms[fields][6]\" value=\"+32\" aria-errormessage=\"wpforms-1924-field_6-error\" ><\/div>\t\t<div id=\"wpforms-1924-field_7-container\"\n\t\t\tclass=\"wpforms-field wpforms-field-text\"\n\t\t\tdata-field-type=\"text\"\n\t\t\tdata-field-id=\"7\"\n\t\t\t>\n\t\t\t<label class=\"wpforms-field-label\" for=\"wpforms-1924-field_7\" >Message E-mail Objet<\/label>\n\t\t\t<input type=\"text\" id=\"wpforms-1924-field_7\" class=\"wpforms-field-medium\" name=\"wpforms[fields][7]\" >\n\t\t<\/div>\n\t\t<div id=\"wpforms-1924-field_2-container\" class=\"wpforms-field wpforms-field-email\" data-field-id=\"2\"><label class=\"wpforms-field-label\" for=\"wpforms-1924-field_2\">E-mail <span class=\"wpforms-required-label\" aria-hidden=\"true\">*<\/span><\/label><input type=\"email\" id=\"wpforms-1924-field_2\" class=\"wpforms-field-large wpforms-field-required\" name=\"wpforms[fields][2]\" spellcheck=\"false\" aria-errormessage=\"wpforms-1924-field_2-error\" required><\/div><div id=\"wpforms-1924-field_3-container\" class=\"wpforms-field wpforms-field-text\" data-field-id=\"3\"><label class=\"wpforms-field-label\" for=\"wpforms-1924-field_3\">Soci\u00e9t\u00e9<\/label><input type=\"text\" id=\"wpforms-1924-field_3\" class=\"wpforms-field-large\" name=\"wpforms[fields][3]\" aria-errormessage=\"wpforms-1924-field_3-error\" ><\/div><div id=\"wpforms-1924-field_5-container\" class=\"wpforms-field wpforms-field-text\" data-field-id=\"5\"><label class=\"wpforms-field-label\" for=\"wpforms-1924-field_5\">Objet <span class=\"wpforms-required-label\" aria-hidden=\"true\">*<\/span><\/label><input type=\"text\" id=\"wpforms-1924-field_5\" class=\"wpforms-field-large wpforms-field-required\" name=\"wpforms[fields][5]\" aria-errormessage=\"wpforms-1924-field_5-error\" required><\/div><div id=\"wpforms-1924-field_4-container\" class=\"wpforms-field wpforms-field-textarea\" data-field-id=\"4\"><label class=\"wpforms-field-label\" for=\"wpforms-1924-field_4\">Message <span class=\"wpforms-required-label\" aria-hidden=\"true\">*<\/span><\/label><textarea id=\"wpforms-1924-field_4\" class=\"wpforms-field-medium wpforms-field-required\" name=\"wpforms[fields][4]\" aria-errormessage=\"wpforms-1924-field_4-error\" required><\/textarea><\/div><script>\n\t\t\t\t( function() {\n\t\t\t\t\tconst style = document.createElement( 'style' );\n\t\t\t\t\tstyle.appendChild( document.createTextNode( '#wpforms-1924-field_7-container { position: absolute !important; overflow: hidden !important; display: inline !important; height: 1px !important; width: 1px !important; z-index: -1000 !important; padding: 0 !important; } #wpforms-1924-field_7-container input { visibility: hidden; } #wpforms-conversational-form-page #wpforms-1924-field_7-container label { counter-increment: none; }' ) );\n\t\t\t\t\tdocument.head.appendChild( style );\n\t\t\t\t\tdocument.currentScript?.remove();\n\t\t\t\t} )();\n\t\t\t<\/script><\/div><!-- .wpforms-field-container --><div class=\"wpforms-submit-container\" ><input type=\"hidden\" name=\"wpforms[id]\" value=\"1924\"><input type=\"hidden\" name=\"page_title\" value=\"\"><input type=\"hidden\" name=\"page_url\" value=\"https:\/\/yeptechmons.be\/index.php\/wp-json\/wp\/v2\/pages\/1718\"><input type=\"hidden\" name=\"url_referer\" value=\"\"><button type=\"submit\" name=\"wpforms[submit]\" id=\"wpforms-submit-1924\" class=\"wpforms-submit\" data-alt-text=\"Envoi...\" data-submit-text=\"Envoyer\" aria-live=\"assertive\" value=\"wpforms-submit\">Envoyer<\/button><img decoding=\"async\" src=\"https:\/\/yeptechmons.be\/wp-content\/plugins\/wpforms-lite\/assets\/images\/submit-spin.svg\" class=\"wpforms-submit-spinner\" style=\"display: none;\" width=\"26\" height=\"26\" alt=\"Chargement en cours\"><\/div><\/form><\/div>  <!-- .wpforms-container -->\t\t\t\t<\/div>\n\t\t\t\t<\/div>\n\t\t\t\t\t<\/div>\n\t\t\t\t<\/div>\n\t\t\t\t<\/div>\n\t\t<div class=\"elementor-element elementor-element-f5a57e9 e-flex e-con-boxed e-con e-parent\" data-id=\"f5a57e9\" data-element_type=\"container\" data-e-type=\"container\">\n\t\t\t\t\t<div class=\"e-con-inner\">\n\t\t\t\t<div class=\"elementor-element elementor-element-98ac436 elementor-widget elementor-widget-google_maps\" data-id=\"98ac436\" data-element_type=\"widget\" data-e-type=\"widget\" data-widget_type=\"google_maps.default\">\n\t\t\t\t<div class=\"elementor-widget-container\">\n\t\t\t\t\t\t\t<div class=\"elementor-custom-embed\">\n\t\t\t<iframe loading=\"lazy\"\n\t\t\t\t\tsrc=\"https:\/\/maps.google.com\/maps?q=Rue%20de%20Houdain%209%2C%207000%20Mons&#038;t=m&#038;z=13&#038;output=embed&#038;iwloc=near\"\n\t\t\t\t\ttitle=\"Rue de Houdain 9, 7000 Mons\"\n\t\t\t\t\taria-label=\"Rue de Houdain 9, 7000 Mons\"\n\t\t\t><\/iframe>\n\t\t<\/div>\n\t\t\t\t\t\t<\/div>\n\t\t\t\t<\/div>\n\t\t\t\t<div class=\"elementor-element elementor-element-7b465bf elementor-widget elementor-widget-text-editor\" data-id=\"7b465bf\" data-element_type=\"widget\" data-e-type=\"widget\" data-widget_type=\"text-editor.default\">\n\t\t\t\t<div class=\"elementor-widget-container\">\n\t\t\t\t\t\t\t\t\t<ul><li>\u00a0YEP&rsquo;tech Mons ASBL &#8211; Num\u00e9ro d&rsquo;entreprise : 0628919393<\/li><\/ul>\t\t\t\t\t\t\t\t<\/div>\n\t\t\t\t<\/div>\n\t\t\t\t<div class=\"elementor-element elementor-element-908dcbc elementor-widget elementor-widget-text-editor\" data-id=\"908dcbc\" data-element_type=\"widget\" data-e-type=\"widget\" data-widget_type=\"text-editor.default\">\n\t\t\t\t<div class=\"elementor-widget-container\">\n\t\t\t\t\t\t\t\t\t<p>\u00a0 \u00a0 <a href=\"tel:+32472484271\">\u00a0<img decoding=\"async\" class=\"emoji\" role=\"img\" draggable=\"false\" src=\"https:\/\/s.w.org\/images\/core\/emoji\/17.0.2\/svg\/1f4de.svg\" alt=\"\ud83d\udcde\" \/>\u00a0\u00a0<span class=\"o_force_ltr\">+32 472 48 42 71<\/span><\/a><\/p><p>\u00a0 \u00a0 <a href=\"mailto:info@yeptechmons.com\">\u00a0<img decoding=\"async\" class=\"emoji\" role=\"img\" draggable=\"false\" src=\"https:\/\/s.w.org\/images\/core\/emoji\/17.0.2\/svg\/1f4e7.svg\" alt=\"\ud83d\udce7\" \/>\u00a0 info@yeptechmons.com<\/a><\/p>\t\t\t\t\t\t\t\t<\/div>\n\t\t\t\t<\/div>\n\t\t\t\t\t<\/div>\n\t\t\t\t<\/div>\n\t\t\t\t<\/div>\n\t\t","protected":false},"excerpt":{"rendered":"<p>Veuillez activer JavaScript dans votre navigateur pour remplir ce formulaire.Veuillez activer JavaScript dans votre navigateur pour remplir ce formulaire. Nom * Pr\u00e9nomNom Num\u00e9ro de t\u00e9l\u00e9phoneE-mail *Soci\u00e9t\u00e9Objet *Message * Envoyer \u00a0YEP&rsquo;tech Mons ASBL &#8211; Num\u00e9ro d&rsquo;entreprise : 0628919393 \u00a0 \u00a0 \u00a0\u00a0\u00a0+32 472 48 42 71 \u00a0 \u00a0 \u00a0\u00a0 info@yeptechmons.com<\/p>\n","protected":false},"author":1,"featured_media":0,"parent":0,"menu_order":6,"comment_status":"closed","ping_status":"closed","template":"elementor_header_footer","meta":{"footnotes":""},"class_list":["post-1718","page","type-page","status-publish","hentry"],"yoast_head":"<!-- This site is optimized with the Yoast SEO plugin v27.3 - https:\/\/yoast.com\/product\/yoast-seo-wordpress\/ -->\n<title>Contactez-nous - YEP&#039;tech Mons<\/title>\n<meta name=\"robots\" content=\"index, follow, max-snippet:-1, max-image-preview:large, max-video-preview:-1\" \/>\n<link rel=\"canonical\" href=\"https:\/\/yeptechmons.be\/index.php\/contactez-nous\/\" \/>\n<meta property=\"og:locale\" content=\"fr_FR\" \/>\n<meta property=\"og:type\" content=\"article\" \/>\n<meta property=\"og:title\" content=\"Contactez-nous - YEP&#039;tech Mons\" \/>\n<meta property=\"og:description\" content=\"Veuillez activer JavaScript dans votre navigateur pour remplir ce formulaire.Veuillez activer JavaScript dans votre navigateur pour remplir ce formulaire. Nom * Pr\u00e9nomNom Num\u00e9ro de t\u00e9l\u00e9phoneE-mail *Soci\u00e9t\u00e9Objet *Message * Envoyer \u00a0YEP&rsquo;tech Mons ASBL &#8211; Num\u00e9ro d&rsquo;entreprise : 0628919393 \u00a0 \u00a0 \u00a0\u00a0\u00a0+32 472 48 42 71 \u00a0 \u00a0 \u00a0\u00a0 info@yeptechmons.com\" \/>\n<meta property=\"og:url\" content=\"https:\/\/yeptechmons.be\/index.php\/contactez-nous\/\" \/>\n<meta property=\"og:site_name\" content=\"YEP&#039;tech Mons\" \/>\n<meta property=\"article:modified_time\" content=\"2026-02-14T17:56:03+00:00\" \/>\n<meta property=\"og:image\" content=\"https:\/\/yeptechmons.be\/wp-content\/plugins\/wpforms-lite\/assets\/images\/submit-spin.svg\" \/>\n<meta name=\"twitter:card\" content=\"summary_large_image\" \/>\n<meta name=\"twitter:label1\" content=\"Dur\u00e9e de lecture estim\u00e9e\" \/>\n\t<meta name=\"twitter:data1\" content=\"1 minute\" \/>\n<script type=\"application\/ld+json\" class=\"yoast-schema-graph\">{\"@context\":\"https:\\\/\\\/schema.org\",\"@graph\":[{\"@type\":\"WebPage\",\"@id\":\"https:\\\/\\\/yeptechmons.be\\\/index.php\\\/contactez-nous\\\/\",\"url\":\"https:\\\/\\\/yeptechmons.be\\\/index.php\\\/contactez-nous\\\/\",\"name\":\"Contactez-nous - YEP&#039;tech Mons\",\"isPartOf\":{\"@id\":\"https:\\\/\\\/yeptechmons.be\\\/#website\"},\"primaryImageOfPage\":{\"@id\":\"https:\\\/\\\/yeptechmons.be\\\/index.php\\\/contactez-nous\\\/#primaryimage\"},\"image\":{\"@id\":\"https:\\\/\\\/yeptechmons.be\\\/index.php\\\/contactez-nous\\\/#primaryimage\"},\"thumbnailUrl\":\"https:\\\/\\\/yeptechmons.be\\\/wp-content\\\/plugins\\\/wpforms-lite\\\/assets\\\/images\\\/submit-spin.svg\",\"datePublished\":\"2025-09-28T18:25:32+00:00\",\"dateModified\":\"2026-02-14T17:56:03+00:00\",\"breadcrumb\":{\"@id\":\"https:\\\/\\\/yeptechmons.be\\\/index.php\\\/contactez-nous\\\/#breadcrumb\"},\"inLanguage\":\"fr-FR\",\"potentialAction\":[{\"@type\":\"ReadAction\",\"target\":[\"https:\\\/\\\/yeptechmons.be\\\/index.php\\\/contactez-nous\\\/\"]}]},{\"@type\":\"ImageObject\",\"inLanguage\":\"fr-FR\",\"@id\":\"https:\\\/\\\/yeptechmons.be\\\/index.php\\\/contactez-nous\\\/#primaryimage\",\"url\":\"https:\\\/\\\/yeptechmons.be\\\/wp-content\\\/plugins\\\/wpforms-lite\\\/assets\\\/images\\\/submit-spin.svg\",\"contentUrl\":\"https:\\\/\\\/yeptechmons.be\\\/wp-content\\\/plugins\\\/wpforms-lite\\\/assets\\\/images\\\/submit-spin.svg\"},{\"@type\":\"BreadcrumbList\",\"@id\":\"https:\\\/\\\/yeptechmons.be\\\/index.php\\\/contactez-nous\\\/#breadcrumb\",\"itemListElement\":[{\"@type\":\"ListItem\",\"position\":1,\"name\":\"Accueil\",\"item\":\"https:\\\/\\\/yeptechmons.be\\\/\"},{\"@type\":\"ListItem\",\"position\":2,\"name\":\"Contactez-nous\"}]},{\"@type\":\"WebSite\",\"@id\":\"https:\\\/\\\/yeptechmons.be\\\/#website\",\"url\":\"https:\\\/\\\/yeptechmons.be\\\/\",\"name\":\"YEP&#039;tech Mons\",\"description\":\"YEP&#039;tech Mons\",\"publisher\":{\"@id\":\"https:\\\/\\\/yeptechmons.be\\\/#organization\"},\"potentialAction\":[{\"@type\":\"SearchAction\",\"target\":{\"@type\":\"EntryPoint\",\"urlTemplate\":\"https:\\\/\\\/yeptechmons.be\\\/?s={search_term_string}\"},\"query-input\":{\"@type\":\"PropertyValueSpecification\",\"valueRequired\":true,\"valueName\":\"search_term_string\"}}],\"inLanguage\":\"fr-FR\"},{\"@type\":\"Organization\",\"@id\":\"https:\\\/\\\/yeptechmons.be\\\/#organization\",\"name\":\"YEP&#039;tech Mons\",\"url\":\"https:\\\/\\\/yeptechmons.be\\\/\",\"logo\":{\"@type\":\"ImageObject\",\"inLanguage\":\"fr-FR\",\"@id\":\"https:\\\/\\\/yeptechmons.be\\\/#\\\/schema\\\/logo\\\/image\\\/\",\"url\":\"https:\\\/\\\/yeptechmons.be\\\/wp-content\\\/uploads\\\/2025\\\/10\\\/cropped-logo-yeptech-light-scaled-1.png\",\"contentUrl\":\"https:\\\/\\\/yeptechmons.be\\\/wp-content\\\/uploads\\\/2025\\\/10\\\/cropped-logo-yeptech-light-scaled-1.png\",\"width\":2560,\"height\":807,\"caption\":\"YEP&#039;tech Mons\"},\"image\":{\"@id\":\"https:\\\/\\\/yeptechmons.be\\\/#\\\/schema\\\/logo\\\/image\\\/\"}}]}<\/script>\n<!-- \/ Yoast SEO plugin. -->","yoast_head_json":{"title":"Contactez-nous - YEP&#039;tech Mons","robots":{"index":"index","follow":"follow","max-snippet":"max-snippet:-1","max-image-preview":"max-image-preview:large","max-video-preview":"max-video-preview:-1"},"canonical":"https:\/\/yeptechmons.be\/index.php\/contactez-nous\/","og_locale":"fr_FR","og_type":"article","og_title":"Contactez-nous - YEP&#039;tech Mons","og_description":"Veuillez activer JavaScript dans votre navigateur pour remplir ce formulaire.Veuillez activer JavaScript dans votre navigateur pour remplir ce formulaire. Nom * Pr\u00e9nomNom Num\u00e9ro de t\u00e9l\u00e9phoneE-mail *Soci\u00e9t\u00e9Objet *Message * Envoyer \u00a0YEP&rsquo;tech Mons ASBL &#8211; Num\u00e9ro d&rsquo;entreprise : 0628919393 \u00a0 \u00a0 \u00a0\u00a0\u00a0+32 472 48 42 71 \u00a0 \u00a0 \u00a0\u00a0 info@yeptechmons.com","og_url":"https:\/\/yeptechmons.be\/index.php\/contactez-nous\/","og_site_name":"YEP&#039;tech Mons","article_modified_time":"2026-02-14T17:56:03+00:00","og_image":[{"url":"https:\/\/yeptechmons.be\/wp-content\/plugins\/wpforms-lite\/assets\/images\/submit-spin.svg","type":"","width":"","height":""}],"twitter_card":"summary_large_image","twitter_misc":{"Dur\u00e9e de lecture estim\u00e9e":"1 minute"},"schema":{"@context":"https:\/\/schema.org","@graph":[{"@type":"WebPage","@id":"https:\/\/yeptechmons.be\/index.php\/contactez-nous\/","url":"https:\/\/yeptechmons.be\/index.php\/contactez-nous\/","name":"Contactez-nous - YEP&#039;tech Mons","isPartOf":{"@id":"https:\/\/yeptechmons.be\/#website"},"primaryImageOfPage":{"@id":"https:\/\/yeptechmons.be\/index.php\/contactez-nous\/#primaryimage"},"image":{"@id":"https:\/\/yeptechmons.be\/index.php\/contactez-nous\/#primaryimage"},"thumbnailUrl":"https:\/\/yeptechmons.be\/wp-content\/plugins\/wpforms-lite\/assets\/images\/submit-spin.svg","datePublished":"2025-09-28T18:25:32+00:00","dateModified":"2026-02-14T17:56:03+00:00","breadcrumb":{"@id":"https:\/\/yeptechmons.be\/index.php\/contactez-nous\/#breadcrumb"},"inLanguage":"fr-FR","potentialAction":[{"@type":"ReadAction","target":["https:\/\/yeptechmons.be\/index.php\/contactez-nous\/"]}]},{"@type":"ImageObject","inLanguage":"fr-FR","@id":"https:\/\/yeptechmons.be\/index.php\/contactez-nous\/#primaryimage","url":"https:\/\/yeptechmons.be\/wp-content\/plugins\/wpforms-lite\/assets\/images\/submit-spin.svg","contentUrl":"https:\/\/yeptechmons.be\/wp-content\/plugins\/wpforms-lite\/assets\/images\/submit-spin.svg"},{"@type":"BreadcrumbList","@id":"https:\/\/yeptechmons.be\/index.php\/contactez-nous\/#breadcrumb","itemListElement":[{"@type":"ListItem","position":1,"name":"Accueil","item":"https:\/\/yeptechmons.be\/"},{"@type":"ListItem","position":2,"name":"Contactez-nous"}]},{"@type":"WebSite","@id":"https:\/\/yeptechmons.be\/#website","url":"https:\/\/yeptechmons.be\/","name":"YEP&#039;tech Mons","description":"YEP&#039;tech Mons","publisher":{"@id":"https:\/\/yeptechmons.be\/#organization"},"potentialAction":[{"@type":"SearchAction","target":{"@type":"EntryPoint","urlTemplate":"https:\/\/yeptechmons.be\/?s={search_term_string}"},"query-input":{"@type":"PropertyValueSpecification","valueRequired":true,"valueName":"search_term_string"}}],"inLanguage":"fr-FR"},{"@type":"Organization","@id":"https:\/\/yeptechmons.be\/#organization","name":"YEP&#039;tech Mons","url":"https:\/\/yeptechmons.be\/","logo":{"@type":"ImageObject","inLanguage":"fr-FR","@id":"https:\/\/yeptechmons.be\/#\/schema\/logo\/image\/","url":"https:\/\/yeptechmons.be\/wp-content\/uploads\/2025\/10\/cropped-logo-yeptech-light-scaled-1.png","contentUrl":"https:\/\/yeptechmons.be\/wp-content\/uploads\/2025\/10\/cropped-logo-yeptech-light-scaled-1.png","width":2560,"height":807,"caption":"YEP&#039;tech Mons"},"image":{"@id":"https:\/\/yeptechmons.be\/#\/schema\/logo\/image\/"}}]}},"_links":{"self":[{"href":"https:\/\/yeptechmons.be\/index.php\/wp-json\/wp\/v2\/pages\/1718","targetHints":{"allow":["GET"]}}],"collection":[{"href":"https:\/\/yeptechmons.be\/index.php\/wp-json\/wp\/v2\/pages"}],"about":[{"href":"https:\/\/yeptechmons.be\/index.php\/wp-json\/wp\/v2\/types\/page"}],"author":[{"embeddable":true,"href":"https:\/\/yeptechmons.be\/index.php\/wp-json\/wp\/v2\/users\/1"}],"replies":[{"embeddable":true,"href":"https:\/\/yeptechmons.be\/index.php\/wp-json\/wp\/v2\/comments?post=1718"}],"version-history":[{"count":46,"href":"https:\/\/yeptechmons.be\/index.php\/wp-json\/wp\/v2\/pages\/1718\/revisions"}],"predecessor-version":[{"id":4479,"href":"https:\/\/yeptechmons.be\/index.php\/wp-json\/wp\/v2\/pages\/1718\/revisions\/4479"}],"wp:attachment":[{"href":"https:\/\/yeptechmons.be\/index.php\/wp-json\/wp\/v2\/media?parent=1718"}],"curies":[{"name":"wp","href":"https:\/\/api.w.org\/{rel}","templated":true}]}}